078?
False
Is 202 a multiple of 137?
False
Is 5590 a multiple of 5?
True
Does 8 divide 9608?
True
Is 6940 a multiple of 196?
False
Does 31 divide 12462?
True
Is 666 a multiple of 16?
False
Is 17 a factor of 782?
True
Is 21 a factor of 273?
True
Does 83 divide 83?
True
Is 9 a factor of 1620?
True
Is 527 a multiple of 15?
False
Is 190 a factor of 12920?
True
Is 117 a factor of 106337?
False
Is 38 a factor of 2829?
False
Is 3604 a multiple of 53?
True
Is 3713 a multiple of 29?
False
Does 93 divide 837?
True
Is 14 a factor of 4634?
True
Is 792 a multiple of 17?
False
Does 30 divide 3420?
True
Is 710 a multiple of 10?
True
Is 186 a multiple of 9?
False
Does 10 divide 2093?
False
Does 10 divide 4540?
True
Does 43 divide 19963?
False
Is 4 a factor of 1628?
True
Is 3643 a multiple of 10?
False
Is 15 a factor of 932?
False
Is 20 a factor of 2160?
True
Is 10215 a multiple of 14?
False
Does 38 divide 21280?
True
Does 16 divide 46192?
True
Does 19 divide 3380?
False
Is 228 a multiple of 38?
True
Does 8 divide 3498?
False
Is 10842 a multiple of 17?
False
Does 81 divide 2304?
False
Is 4345 a multiple of 55?
True
Is 7 a factor of 322?
True
Is 15 a factor of 15345?
True
Is 1309 a multiple of 11?
True
Is 12 a factor of 1032?
True
Is 7910 a multiple of 70?
True
Is 34 a factor of 7571?
False
Is 24 a factor of 5832?
True
Is 259 a multiple of 17?
False
Is 1358 a multiple of 14?
True
Is 295 a multiple of 2?
False
Is 6976 a multiple of 17?
False
Is 16845 a multiple of 17?
False
Is 11 a factor of 76?
False
Does 4 divide 234?
False
Is 34773 a multiple of 42?
False
Is 864 a multiple of 18?
True
Does 11 divide 756?
False
Does 3 divide 571?
False
Does 10 divide 2120?
True
Does 111 divide 16761?
True
Is 23 a factor of 1655?
False
Does 209 divide 17347?
True
Is 33 a factor of 825?
True
Is 1701 a multiple of 21?
True
Does 10 divide 1376?
False
Is 12 a factor of 3132?
True
Is 10 a factor of 34030?
True
Is 74 a factor of 16940?
False
Is 6 a factor of 1054?
False
Does 345 divide 120405?
True
Is 28 a factor of 472?
False
Does 4 divide 11500?
True
Is 19 a factor of 3515?
True
Does 44 divide 242?
False
Is 2673 a multiple of 27?
True
Is 9 a factor of 129?
False
Is 569 a multiple of 30?
False
Is 3 a factor of 101?
False
Is 10005 a multiple of 115?
True
Is 8 a factor of 2628?
False
Is 92894 a multiple of 348?
False
Is 22590 a multiple of 22?
False
Is 49 a factor of 4873?
False
Is 2617 a multiple of 104?
False
Does 2 divide 61?
False
Does 37 divide 27454?
True
Is 1632 a multiple of 51?
True
Does 95 divide 450?
False
Is 2386 a multiple of 6?
False
Is 2745 a multiple of 45?
True
Is 4644 a multiple of 9?
True
Is 28 a factor of 483?
False
Does 15 divide 3273?
False
Does 8 divide 705?
False
Is 10111 a multiple of 13?
False
Is 61 a factor of 854?
True
Does 29 divide 2929?
True
Is 21 a factor of 7260?
False
Does 18 divide 6034?
False
Is 149670 a multiple of 37?
False
Is 1637 a multiple of 38?
False
Does 155 divide 45873?
False
Is 3915 a multiple of 29?
True
Is 709 a multiple of 60?
False
Is 43 a factor of 166539?
True
Does 7 divide 511?
True
Does 37 divide 21682?
True
Does 71 divide 1207?
True
Is 109 a factor of 7412?
True
Does 2 divide 1733?
False
Does 7 divide 6531?
True
Does 21 divide 2819?
False
Is 29 a factor of 1160?
True
Is 34 a factor of 3699?
False
Is 78244 a multiple of 31?
True
Is 59 a multiple of 10?
False
Is 1870 a multiple of 7?
False
Does 152 divide 16568?
True
Does 105 divide 4725?
True
Is 501 a multiple of 7?
False
Is 35693 a multiple of 18?
False
Is 177 a factor of 38448?
False
Does 68 divide 46163?
False
Is 10999 a multiple of 17?
True
Is 3465 a multiple of 99?
True
Is 181 a factor of 31115?
False
Is 9 a factor of 429?
False
Is 170 a factor of 2119?
False
Is 20 a factor of 154?
False
Does 42 divide 2345?
False
Is 3023 a multiple of 15?
False
Does 6 divide 228?
True
Does 12 divide 3066?
False
Is 71 a factor of 1491?
True
Does 169 divide 5433?
False
Is 90 a factor of 3931?
False
Does 17 divide 3349?
True
Does 32 divide 1693?
False
Does 12 divide 4560?
True
Does 24 divide 12362?
False
Is 20085 a multiple of 9?
False
Does 77 divide 24687?
False
Does 15 divide 336?
False
Does 46 divide 11960?
True
Is 855 a multiple of 44?
False
Does 16 divide 6672?
True
Does 28 divide 588?
True
Does 7 divide 920?
False
Is 32 a factor of 640?
True
Is 35 a factor of 2800?
True
Is 9 a factor of 1453?
False
Is 86 a multiple of 3?
False
Does 6 divide 20079?
False
Is 41 a factor of 1066?
True
Does 64 divide 128?
True
Is 128 a factor of 23711?
False
Is 1040 a multiple of 26?
True
Is 19404 a multiple of 196?
True
Is 60 a factor of 2040?
True
Is 47 a factor of 3807?
True
Does 28 divide 12433?
False
Is 18 a factor of 61344?
True
Is 2577 a multiple of 2?
False
Is 17 a factor of 33622?
False
Is 11 a factor of 412?
False
Is 12 a factor of 5796?
True
Does 4 divide 1533?
False
Is 6073 a multiple of 53?
False
Is 2 a factor of 250?
True
Does 15 divide 1005?
True
Does 15 divide 2520?
True
Is 13 a factor of 3328?
True
Is 3960 a multiple of 9?
True
Is 10 a factor of 5110?
True
Does 35 divide 99031?
False
Does 24 divide 2592?
True
Does 2 divide 586?
True
Does 16 divide 2117?
False
Does 3 divide 5323?
False
Does 12 divide 924?
True
Is 28368 a multiple of 144?
True
Is 25 a factor of 975?
True
Is 16 a factor of 3184?
True
Is 76 a factor of 836?
True
Does 19 divide 30058?
True
Is 2199 a multiple of 46?
False
Is 1016 a multiple of 25?
False
Does 5 divide 105?
True
Is 39 a factor of 22854?
True
Is 41948 a multiple of 160?
False
Does 373 divide 66869?
False
Is 27 a multiple of 2?
False
Does 21 divide 2429?
False
Is 10218 a multiple of 3?
True
Is 15 a factor of 712?
False
Does 38 divide 2388?
False
Does 8 divide 22912?
True
Is 12 a factor of 34619?
False
Does 21 divide 441?
True
Does 54 divide 162?
True
Is 13 a factor of 14595?
False
Does 10 divide 418?
False
Does 198 divide 5148?
True
Does 23 divide 2518?
False
Is 14 a factor of 518?
True
Does 94 divide 521?
False
Is 5 a factor of 717?
False
Is 24758 a multiple of 9?
False
Is 7120 a multiple of 16?
True
Is 633 a multiple of 50?
False
Does 2 divide 3299?
False
Is 17 a factor of 10138?
False
Does 3 divide 3580?
False
Is 2425 a multiple of 71?
False
Is 3 a factor of 150?
True
Is 6162 a multiple of 22?
False
Is 1200 a multiple of 12?
True
Is 22 a factor of 12408?
True
Does 106 divide 84476?
False
Is 19 a factor of 1129?
False
Is 812 a multiple of 28?
True
Is 50 a factor of 42150?
True
Is 7637 a multiple of 12?
False
Is 12528 a multiple of 29?
True
Is 110 a factor of 58630?
True
Is 1067 a multiple of 14?
False
Does 85 divide 5865?
True
Does 8 divide 332?
False
Is 18 a factor of 2016?
True
Does 10 divide 1940?
True
Is 8 a factor of 37376?
True
Does 10 divide 190?
True
Is 2 a factor of 49?
False
Does 69 divide 19639?
False
Does 165 divide 20625?
True
Does 7 divide 5229?
True
Does 68 divide 45424?
True
Is 9660 a multiple of 15?
True
Is 16 a factor of 5232?
True
Does 28 divide 52108?
True
Is 1683 a multiple of 168?
False
Does 41 divide 123?
True
Does 199 divide 7562?
True
Is 29 a multiple of 2?
False
Does 54 divide 8370?
True
Does 108 divide 2700?
True
Is 18808 a multiple of 4?
True
Is 5487 a multiple of 31?
True
Does 135 divide 2700?
True
Does 3 divide 2001?
True
Is 42 a factor of 3656?
False
Is 4267 a multiple of 17?
True
Is 9990 a multiple of 9?
True
Does 14 divide 30741?
False
Does 6 divide 788?
False
Is 35787 a multiple of 179?
False
Does 99 divide 35343?
True
Is 9 a factor of 927?
True
Is 34 a factor of 1462?
True
Does 66 divide 138128?
False
Does 57 divide 3156?
False
Is 12 a factor of 4695?
False
Does 9 divide 1710?
True
Does 29 divide 5481?
True
Does 68 divide 6931?
False
Is 56 a multiple of 8?
True
Is 583 a multiple of 5?
False
Is 97 a factor of 2147?
False
Is 31765 a multiple of 3?
False
Does 8 divide 133?
False
Does 4 divide 1868?
True
Does 112 divide 9453?
False
Does 110 divide 59890?
False
Does 11 divide 61?
False
Is 490 a multiple of 14?
True
Is 18 a factor of 180?
True
Is 17854 a multiple of 17?
False
Is 168 a factor of 32760?
True
Is 10 a factor of 39240?
True
Is 1704 a multiple of 17?
False
Is 44 a factor of 1213?
False
Is 4 a factor of 1106?
False
Does 5 divide 112?
False
Does 13 divide 1826?
False
Is 427 a multiple of 61?
True
Is 3 a factor of 4269?
True
